0
Suppose 5*k - 21 = 2*t + 10*k, 3*t + 15 = -2*k. Let s(d) = 96*d**2 + 13*d + 32. What is the hundreds digit of s(t)?
8
Suppose 29*z - 1099270 = -272277. What is the ten thousands digit of z?
2
Suppose 0 = 5*v + 83*p - 84*p - 119387, v = p + 23879. What is the ten thousands digit of v?
2
Let o(s) = 8*s**3 - s**2 + 2*s - 1. Let c(v) = 3*v + 4. Let a be c(-1). Let d be o(a). Suppose -d + 62 = 3*u. What is the units digit of u?
8
What is the ten thousands digit of 1934/4*(266/95)/(5/75)?
2
Let j be (3 - 4)/2 + 19/(-2). Let v(y) = y**2 + 16*y + 60. Let m be v(j). Suppose m = i - 2*d - 215, -4*i - 3*d = 76 - 914. What is the hundreds digit of i?
2
Let n = -299 + 163. What is the tens digit of (n/20 + 4)/(1/(-20))?
5
Let z = -28577 - -42637. What is the ten thousands digit of z?
1
Suppose v - 2*y = -2*v + 27, v - 4*y = 9. Suppose -v*m = -5*m - 20. Suppose 349 = m*q - 151. What is the tens digit of q?
0
Let i = 19 + -14. Let g(y) = 32*y - 167. Let a be g(23). Suppose 4*c + r = 2*r + 581, 0 = 4*c - i*r - a. What is the units digit of c?
6
Suppose -25*t - 4*y - 31699 = -26*t, 0 = -t - 5*y + 31663. What is the hundreds digit of t?
6
Let i(h) = -3*h + 69. Let u be i(21). Let q(c) = 93*c - 71. What is the hundreds digit of q(u)?
4
Suppose 4*q + x + x = 101074, -4*q + 101083 = -x. What is the hundreds digit of ((-2)/(-4)*-3)/((-105)/q)?
3
Suppose 971 = 3*m - 145. Let r(z) = z**2 - z - 3. Let l be r(3). Suppose d - 4*x - m = -3*d, -l*d + 271 = x. What is the units digit of d?
1
Let c be -2*57*(6 + -9). Suppose -3*y - 102 + c = 0. What is the units digit of y?
0
Let z(n) = -8*n - 1 - 4 + 42 + 5. What is the units digit of z(-3)?
6
Let m(f) = -f**2 + 39*f + 91. Let s be m(43). Let u = 93 + s. What is the units digit of u?
2
Let n = 21099 - 3702. What is the hundreds digit of n?
3
Let h = -12009 + 23804. What is the tens digit of h?
9
Suppose 0 = 7*c - 1582 - 532. Suppose 3*t + 5*s = 922, 2*t - t = s + c. What is the units digit of t?
4
Let b be 14/8*(-55 + 79). Suppose -11022 = 9*l - b*l. What is the units digit of l?
4
Let j(k) = -22*k**3 - k**2 - 11*k**3 + 34*k**3 + 42 - 7*k. What is the hundreds digit of j(7)?
2
Let i be 21/6 - 2/4. Suppose -4*p + 1386 = i*p. What is the tens digit of p?
9
Let d(n) be the first derivative of -13*n**4/4 - 2*n**3/3 + 5*n**2/2 + 12*n - 221. What is the hundreds digit of d(-5)?
5
Let w be (6/(-3))/16 + (-287)/(-56). Suppose w*d = -24 + 354. What is the tens digit of d?
6
Suppose -m - 7 = -5*j, -m = -5*m - 5*j + 72. Suppose -4 = 3*w - m. What is the units digit of 0/3 + w/((-9)/(-291))?
7
What is the tens digit of 17/(-2)*384/36*3426/(-4)?
5
Suppose -5*n = -2*j + 67, -5*j = -n + 2*n - 127. Suppose j*m - 38*m + 6612 = 0. What is the tens digit of m?
5
Let x be (85/(-30))/17 + (-19)/(-6). What is the units digit of x*(3514/21 + -4)?
0
Suppose 5*g + 5 = -5, q + 5*g - 7189 = 0. What is the tens digit of q?
9
Let z be (4 - 6)*(-86 + 2). What is the units digit of ((-3)/(45/z))/(1/(-5))?
6
Let a be (21/14)/((-3)/(-26)). Suppose 34*d - 4956 = a*d. What is the hundreds digit of d?
2
Let j(w) be the first derivative of w**3/3 + 15*w**2/2 - 38*w + 11. What is the tens digit of j(-19)?
3
Suppose 0 = 11*g - 14522 - 106610 + 1518. What is the units digit of g?
4
Let s(v) = 38*v + 126. Let k be s(22). Suppose 3*a - k = -86. What is the units digit of a?
2
Suppose -3*k = j - 11, -3*j + 38 - 5 = 5*k. Suppose -j*s + 8*s + 970 = 5*l, -4*s + 593 = 3*l. What is the units digit of l?
1
Suppose -7 = 10*f - 17*f. What is the units digit of 7 + 114/1 - 5/f?
6
Suppose -64 = -5*t - 2*h, -11 - 9 = -t - 4*h. Let x(k) = -13*k - 7. Let j(c) = -13*c - 7. Let p(d) = 5*j(d) - 6*x(d). What is the tens digit of p(t)?
6
What is the hundreds digit of -2 + (12*(-4684)/(-6) - 2) + -2?
3
Let j = 59720 - 29158. What is the ten thousands digit of j?
3
Suppose -12*k = 870 - 666. Let u(r) = -9*r + 0*r**3 + 17*r**2 - 8 + r**3 + 6*r - 10*r. What is the units digit of u(k)?
3
Suppose -43568 = -5*v + 4*t + 2501, 18430 = 2*v - 4*t. What is the tens digit of v?
1
Let p(c) = -3*c - 21. Let d be p(-7). Suppose 3*m = -2*s + 5267, d = s + s - 2*m - 5252. Suppose -12*y + 395 + s = 0. What is the tens digit of y?
5
Let n(i) be the first derivative of 2*i**3/3 - 7*i**2/2 - 19*i + 1120. Suppose 0 = -3*w + 37 - 10. What is the units digit of n(w)?
0
Let j be (0/(-2))/(8/(24/(-3))). Suppose 13*y - 2*y - 11176 = j. What is the units digit of y?
6
Let m(n) = 809*n + n**3 + 807*n + 6 - 1618*n. What is the units digit of m(7)?
5
Let l = 50670 - 16095. What is the thousands digit of l?
4
Let x(j) = -2372*j - 8023. What is the thousands digit of x(-24)?
8
Suppose 4*g - h - 2333 - 4764 = 0, -2*h = -6. Suppose 19*j - 14*j = g. What is the units digit of j?
5
Suppose 0 = f - 2*h, -2*f - 3*h - 2 = -4*f. Suppose 5*s = -5*y + 4*s - 116, 56 = -3*y - f*s. What is the tens digit of y/10*(-260)/8?
7
Let m be 9/(-12) - 121/(-44). Suppose 4*i = -m*q + 2142, -5*q - 3*i = -2*q - 3207. What is the units digit of q?
7
Let v be ((-8)/2 - 47) + 5. Let i = 413 + v. What is the tens digit of i?
6
Suppose -27*h + 514562 = -h - 1081370. What is the tens digit of h?
8
Let k be 1 + 4*(-5)/5. What is the thousands digit of 15/k - (-3 + 1 + -1027)?
1
Let w(i) = -2*i**3 - 21*i**2 - 59*i - 58. Let o(g) = g**3 + 11*g**2 + 30*g + 28. Let t(u) = -9*o(u) - 4*w(u). What is the units digit of t(-14)?
0
Suppose -7*y + 111*y - 512824 = 0. What is the hundreds digit of y?
9
Let m be (-266)/(-4)*4 - 0. Suppose 5*v = 2*v - 3*u + 369, 2*v - m = 2*u. Suppose 5*p = 3*p + v. What is the units digit of p?
4
Let q be (-14)/(5 - 12) + 1323. Let m = q - 788. What is the hundreds digit of m?
5
Let c(i) = -i**3 - 24*i**2 + 15*i - 86. Suppose 8*z + 142 = -58. What is the tens digit of c(z)?
6
Let a(j) = 35*j + 109. Let v be a(-16). Let z = -274 - v. What is the tens digit of z?
7
Suppose -u - 5*n = -2*u - 20, 3*u = 5*n - 10. Suppose 640 = 5*c + s - 333, 5*c + u*s - 965 = 0. What is the tens digit of c?
9
Let z = -755 - -83. Let f = -466 - z. What is the hundreds digit of f?
2
Suppose f = -6*x - 2140 + 90291, 14700 = x - f. What is the units digit of x?
3
What is the tens digit of (27/18)/(66/402644)?
5
Let i(a) = -a**3 + 15*a**2 + 6*a + 17. Let r be i(-6). Let v = r + -481. What is the tens digit of v?
5
Let u = -108 - -117. Suppose 8 = 11*d - u*d. Suppose -d = 6*m - 10*m. What is the units digit of m?
1
Let g = -52 - -822. Let x = g + -190. What is the hundreds digit of x?
5
Let i(m) = 7 + 16*m - 4*m - 10*m. Let z be i(-1). Suppose -6*l + 1100 = -l + z*r, -l + r = -228. What is the hundreds digit of l?
2
Let u(f) = 1397*f - 4891. What is the ten thousands digit of u(22)?
2
Let c = -8143 - -28756. What is the thousands digit of c?
0
Suppose -2*x + 1644 = -5*i, -3*x + 6*i + 2477 = 4*i. Let z = 1672 - x. What is the hundreds digit of z?
8
Suppose -62*o - 17*o + 626786 = 0. What is the hundreds digit of o?
9
What is the tens digit of (60/18)/(4/(-6)) - -3616?
1
Suppose 6*l - 19 = -7. Let f(a) = 65*a**3 - 6*a**2 + a + 2. What is the hundreds digit of f(l)?
5
Let a = 5621 - -206. What is the hundreds digit of a?
8
Let w(h) = 45*h**2 - 35*h - 285. What is the thousands digit of w(-13)?
7
Let r be (16/(-5))/4 + (-14562)/10. Let n = 2132 + r. What is the tens digit of n?
7
Let x(o) = 324*o**2 + o - 8. What is the tens digit of x(4)?
8
Let b = -2 + 10. Let z = 1939 + -1935. Suppose 0 = z*u + b, 2*d - 51 - 157 = -4*u. What is the tens digit of d?
0
Let j(f) = -3*f**2 + 35*f + 16. Let u be j(12). Suppose u*q = 14*q - 2140. What is the tens digit of q?
1
What is the units digit of (205 - 217)*(2/4 + (-2110)/12)?
4
Suppose -85*q + 1921164 - 227284 = 0. What is the ten thousands digit of q?
1
Suppose -1791250 = -40*m - 403050. What is the thousands digit of m?
4
Let o(g) = g**3 - 45*g**2 + 82*g - 4. Let i be o(43). Let c = -75 - i. What is the tens digit of c?
0
Let h = -22 + 19. Let p be (18 + -6 + h)*(-2)/(-6). What is the units digit of ((-108)/(-42))/(-2*p/(-252))?
8
Let x be -3*(16/3)/4. Let j(u) be the third derivative of -u**6/120 - 405*u**2. What is the units digit of j(x)?
4
Let b(g) = -962*g - 20. Let d be b(3). What is the units digit of 3/((-48)/d) - 3/(-8)?
2
Let i(t) = t + 1. Let f(u) = 5*u**2 + 5*u + 78. Let q(c) = f(c) - 3*i(c). What 